{"id":1856,"date":"2020-04-01T14:25:35","date_gmt":"2020-04-01T12:25:35","guid":{"rendered":"https:\/\/inariz.com\/datenschutzpolitik\/"},"modified":"2020-06-25T10:04:35","modified_gmt":"2020-06-25T08:04:35","slug":"datenschutzpolitik","status":"publish","type":"page","link":"https:\/\/inariz.com\/de\/datenschutzpolitik\/","title":{"rendered":"Datenschutzpolitik"},"content":{"rendered":"<div class=\"fusion-fullwidth fullwidth-box fusion-builder-row-1 nonhundred-percent-fullwidth non-hundred-percent-height-scrolling\"  style='background-color: rgba(255,255,255,0);background-position: center center;background-repeat: no-repeat;padding-top:0px;padding-right:0px;padding-bottom:0px;padding-left:0px;'><div class=\"fusion-builder-row fusion-row \"><div  class=\"fusion-layout-column fusion_builder_column fusion_builder_column_1_1 fusion-builder-column-0 fusion-one-full fusion-column-first fusion-column-last 1_1\"  style='margin-top:0px;margin-bottom:20px;'><div class=\"fusion-column-wrapper\" style=\"padding: 0px 0px 0px 0px;background-position:left top;background-repeat:no-repeat;-webkit-background-size:cover;-moz-background-size:cover;-o-background-size:cover;background-size:cover;\"   data-bg-url=\"\"><div class=\"fusion-text\"><h1>Charta zum Schutz pers\u00f6nlicher Daten im Rahmen einer Bewerbung<\/h1>\n<h2>Pr\u00e4ambel<\/h2>\n<p>Der private und vertrauliche Charakter personenbezogener Daten ist f\u00fcr die Gruppe Marbour ein wichtiger Aspekt.<\/p>\n<p>Wir halten uns strikt an die EU-Verordnung 2016\/679 des Europ\u00e4ischen Parlaments und des Rates vom 27. April 2016 \u00fcber den Schutz nat\u00fcrlicher Personen im Hinblick auf die Verarbeitung personenbezogener Daten und den freien Datenverkehr (Datenschutzgrundverordnung \u201eDSGVO\u201c).<\/p>\n<p>Diese Charta betrifft die Personen, die sich bei unserer Gruppe und dessen Filialen bewerben m\u00f6chten.<\/p>\n<p>Sie enth\u00e4lt wichtige Informationen hinsichtlich folgender Themen:<\/p>\n<ul>\n<li>Art der personenbezogenen Daten, die wir erheben und aus welchem Grund wir sie erheben,<\/li>\n<li>Rahmen der Erhebung Ihrer personenbezogenen Daten,<\/li>\n<li>Die \u00dcbermittlung Ihrer erhobenen personenbezogenen Daten,<\/li>\n<li>Die Dauer der Aufbewahrung dieser Daten sowie die Gew\u00e4hrleistung der Vertraulichkeit,<\/li>\n<li>Ihre Rechte.<\/li>\n<\/ul>\n<p>Diese Charta zum Schutz der Daten von Bewerbern auf ein Stellenangebot der Gruppe Marbour und dessen Filialen. Wir bitten Sie, von dieser Charta Kenntnis zu nehmen.<\/p>\n<h2>Datenschutz und Verarbeitung.<\/h2>\n<p>S\u00e4mtliche Anfragen oder Fragen hinsichtlich des Schutzes personenbezogener Daten sind an den Datenschutzbeauftragten der Gruppe zu adressieren: dpo@marbour.fr<\/p>\n<h2>Welche personenbezogenen Daten erheben wir und aus welchem Grund?<\/h2>\n<p>Im Rahmen Ihrer Bewerbung auf ein von der Gruppe oder einer ihrer Filialen ver\u00f6ffentlichtes Stellenangebot erheben wir personenbezogenen Daten.<\/p>\n<p>Wir erhalten diese personenbezogenen Daten mit der \u00dcbermittlung Ihres Lebenslaufes, Ihres Bewerbungsschreibens oder unserem Bewerbungsformular, das Sie online oder in Papierform ausf\u00fcllen.<\/p>\n<p>Einige Ihrer personenbezogenen Daten erfassen wir ebenfalls im Rahmen eines Bewerbungsgespr\u00e4chs.<\/p>\n<p>Einige Ihrer personenbezogenen Daten k\u00f6nnen wir ebenfalls von einer externen Struktur, beispielsweiser einer Personalagentur erhalten, der Sie Ihre Bewerbungsunterlagen haben zukommen lassen.<\/p>\n<p>Die personenbezogenen Daten, die wir im Rahmen des Recrutierungsprozesses erheben werden ausschlie\u00dflich f\u00fcr das Auswahlverfahren verwendet.<\/p>\n<p>Wenn Sie sich gegen eine Angabe pers\u00f6nlicher Daten entscheiden, die f\u00fcr unser Auswahlverfahren notwendig sind, sollten Sie bedenken, dass wir nicht in der Lage sind Ihre Bewerbung unter diesen Umst\u00e4nden auszuwerten.<\/p>\n<p>Im Rahmen des Auswahlverfahrens kann es vorkommen, dass wir Sie bitten uns berufliche Referenzen oder zus\u00e4tzliche Informationen zukommen zu lassen.<\/p>\n<p>Wir achten au\u00dferdem darauf, dass die Bearbeitung der personenbezogenen Daten, die Sie uns \u00fcbermitteln, keiner automatisierten Entscheidung unterlieget.<\/p>\n<p>Des Weiteren unterliegt die \u00dcbermittlung Ihrer personenbezogener Daten an eine externe Struktur oder eine Organisation, die nicht zu unserer Gruppe geh\u00f6rt, Ihrer ausdr\u00fccklichen Zustimmung.<\/p>\n<p>Abschie\u00dfend informieren wir Sie in dieser Charta dar\u00fcber, dass Ihre ausdr\u00fcckliche Zustimmung die Rechtsgrundlage der Bearbeitung Ihrer pers\u00f6nlichen Daten bildet.<\/p>\n<h2>Mehr \u00fcber die \u00dcbermittlung Ihrer pers\u00f6nlichen Daten.<\/h2>\n<p>Im Rahmen des Recruitierungsprozesses, der Auswahl und des Angebots zur Zusammenarbeit, haben Personen, die in einem vertraglichen Verh\u00e4ltnis mit unserem Unternehmen und externen Akteuren stehen, Zugang zu den von Ihnen \u00fcbermittelten pers\u00f6nlichen Daten.<\/p>\n<p>Diese Personen sind verpflichtet, diese Daten vertraulich zu behandeln.<\/p>\n<p>Wir \u00fcbermitteln keine pers\u00f6nlichen Daten der Bewerber f\u00fcr eine Stelle au\u00dferhalb der Europ\u00e4ischen Union oder zu kommerziellen Zwecken an Dritte.<\/p>\n<h2>Wie lange bewahren wir Ihre pers\u00f6nlichen Daten auf?<\/h2>\n<p>Ihre pers\u00f6nlichen Daten werden nur f\u00fcr die Dauer aufbewahrt, die f\u00fcr den Zweck der Datenerhebung n\u00f6tig ist.<\/p>\n<p>Sollte Ihre Bewerbung nicht ber\u00fccksichtige werden k\u00f6nnen, werden Ihre Pers\u00f6nlichen Daten f\u00fcr eine Dauer von 9 Monaten aufbewahrt.<\/p>\n<p>Nach Ablauf dieser Frist verpflichten wir uns, alle Sie betreffenden pers\u00f6nlichen Daten zu l\u00f6schen. Im Fall einer erfolgreichen Bewerbung werden Ihre pers\u00f6nlichen Daten aus den Bewerbungsunterlagen \u00fcber die gesamte Dauer des Besch\u00e4ftigungsvertrags und 5 Jahre nach der Beendigung des Besch\u00e4ftigungsverh\u00e4ltnisses aufbewahrt.<\/p>\n<h2>Die Vertraulichkeit Ihrer pers\u00f6nlichen Daten.<\/h2>\n<p>Unsere Politik hinsichtlich der IT-Sicherheit und dem Schutz der pers\u00f6nlichen Daten erm\u00f6glicht den Schutz Ihrer von uns erhobenen pers\u00f6nlichen Daten.<\/p>\n<p>Dieser Schutz bezieht die Verschl\u00fcsselung und die Pseydonymisierung Ihrer pers\u00f6nlichen Daten ein.<\/p>\n<h2>Ihre individuellen Rechte.<\/h2>\n<p>Nach der EU-Verordnung zum Schutz personenbezogener Daten verf\u00fcgen Sie \u00fcber eine Reihe von Rechten, u.a. das Recht auf Zugriff , Berichtigung, Widerspruch, L\u00f6schung, Einschr\u00e4nkung der Verarbeitung sowie das Recht auf Daten\u00fcbertragbarkeit.<\/p>\n<p>Die oben genannten Rechte sind gegen\u00fcber dem Unternehmen, an das Sie Ihre Bewerbung adressiert haben, und insbesondere gegen\u00fcber der f\u00fcr die Verarbeitung verantwortlichen Person anzuwenden.<\/p>\n<p>Ihr Antrag ist schriftlich, unter Beilage eines Identit\u00e4tsnachweises, einzureichen.<\/p>\n<p>In bestimmten F\u00e4llen und insbesondere im Falle eines offensichtlich unbegr\u00fcndeten Antrags, k\u00f6nnen diese Antr\u00e4ge abgelehnt werden.<\/p>\n<p>Sie werden \u00fcber den Absagegrund informiert.<\/p>\n<p>Im Falle der Aus\u00fcbung eines der oben genannten Rechte stellt der f\u00fcr die Verarbeitung Verantwortliche der Person Informationen \u00fcber die auf den eingereichten Antrag folgenden Schritte zur Verf\u00fcgung und in jedem Fall innerhalb einer Frist von einem Monat ab Erhalt des Antrags.<\/p>\n<p>Diese Frist kann, in Anbetracht der Komplexit\u00e4t oder der Anzahl der Antr\u00e4ge, um zwei Monate verl\u00e4ngert werden.<\/p>\n<p>Der f\u00fcr die Verarbeitung Verantwortliche informiert die Person \u00fcber diese m\u00f6gliche Fristverl\u00e4ngerung und die Gr\u00fcnde f\u00fcr diese Verl\u00e4ngerung innerhalb eines Monats ab Erhalt des Antrags. Falls notwendig, kann dieser Zeitraum auf zwei Monate verl\u00e4ngert werden.<\/p>\n<p>November 2018<br \/>Personalabteilung<\/p>\n<p>\n<\/div><div class=\"fusion-clearfix\"><\/div><\/div><\/div><\/div><\/div>\n","protected":false},"excerpt":{"rendered":"","protected":false},"author":1,"featured_media":0,"parent":0,"menu_order":0,"comment_status":"closed","ping_status":"closed","template":"","meta":{"_acf_changed":false,"footnotes":""},"acf":[],"yoast_head":"<!-- This site is optimized with the Yoast SEO plugin v23.1 - https:\/\/yoast.com\/wordpress\/plugins\/seo\/ -->\n<title>Datenschutzpolitik - Inariz<\/title>\n<meta name=\"robots\" content=\"index, follow, max-snippet:-1, max-image-preview:large, max-video-preview:-1\" \/>\n<link rel=\"canonical\" href=\"https:\/\/inariz.com\/de\/datenschutzpolitik\/\" \/>\n<meta property=\"og:locale\" content=\"de_DE\" \/>\n<meta property=\"og:type\" content=\"article\" \/>\n<meta property=\"og:title\" content=\"Datenschutzpolitik - Inariz\" \/>\n<meta property=\"og:url\" content=\"https:\/\/inariz.com\/de\/datenschutzpolitik\/\" \/>\n<meta property=\"og:site_name\" content=\"Inariz\" \/>\n<meta property=\"article:modified_time\" content=\"2020-06-25T08:04:35+00:00\" \/>\n<meta name=\"twitter:card\" content=\"summary_large_image\" \/>\n<meta name=\"twitter:label1\" content=\"Gesch\u00e4tzte Lesezeit\" \/>\n\t<meta name=\"twitter:data1\" content=\"5\u00a0Minuten\" \/>\n<script type=\"application\/ld+json\" class=\"yoast-schema-graph\">{\"@context\":\"https:\/\/schema.org\",\"@graph\":[{\"@type\":\"WebPage\",\"@id\":\"https:\/\/inariz.com\/de\/datenschutzpolitik\/\",\"url\":\"https:\/\/inariz.com\/de\/datenschutzpolitik\/\",\"name\":\"Datenschutzpolitik - Inariz\",\"isPartOf\":{\"@id\":\"https:\/\/inariz.com\/de\/#website\"},\"datePublished\":\"2020-04-01T12:25:35+00:00\",\"dateModified\":\"2020-06-25T08:04:35+00:00\",\"breadcrumb\":{\"@id\":\"https:\/\/inariz.com\/de\/datenschutzpolitik\/#breadcrumb\"},\"inLanguage\":\"de\",\"potentialAction\":[{\"@type\":\"ReadAction\",\"target\":[\"https:\/\/inariz.com\/de\/datenschutzpolitik\/\"]}]},{\"@type\":\"BreadcrumbList\",\"@id\":\"https:\/\/inariz.com\/de\/datenschutzpolitik\/#breadcrumb\",\"itemListElement\":[{\"@type\":\"ListItem\",\"position\":1,\"name\":\"Accueil\",\"item\":\"https:\/\/inariz.com\/de\/inariz\/\"},{\"@type\":\"ListItem\",\"position\":2,\"name\":\"Datenschutzpolitik\"}]},{\"@type\":\"WebSite\",\"@id\":\"https:\/\/inariz.com\/de\/#website\",\"url\":\"https:\/\/inariz.com\/de\/\",\"name\":\"Inariz\",\"description\":\"A Marbour Company\",\"potentialAction\":[{\"@type\":\"SearchAction\",\"target\":{\"@type\":\"EntryPoint\",\"urlTemplate\":\"https:\/\/inariz.com\/de\/?s={search_term_string}\"},\"query-input\":\"required name=search_term_string\"}],\"inLanguage\":\"de\"}]}<\/script>\n<!-- \/ Yoast SEO plugin. -->","yoast_head_json":{"title":"Datenschutzpolitik - Inariz","robots":{"index":"index","follow":"follow","max-snippet":"max-snippet:-1","max-image-preview":"max-image-preview:large","max-video-preview":"max-video-preview:-1"},"canonical":"https:\/\/inariz.com\/de\/datenschutzpolitik\/","og_locale":"de_DE","og_type":"article","og_title":"Datenschutzpolitik - Inariz","og_url":"https:\/\/inariz.com\/de\/datenschutzpolitik\/","og_site_name":"Inariz","article_modified_time":"2020-06-25T08:04:35+00:00","twitter_card":"summary_large_image","twitter_misc":{"Gesch\u00e4tzte Lesezeit":"5\u00a0Minuten"},"schema":{"@context":"https:\/\/schema.org","@graph":[{"@type":"WebPage","@id":"https:\/\/inariz.com\/de\/datenschutzpolitik\/","url":"https:\/\/inariz.com\/de\/datenschutzpolitik\/","name":"Datenschutzpolitik - Inariz","isPartOf":{"@id":"https:\/\/inariz.com\/de\/#website"},"datePublished":"2020-04-01T12:25:35+00:00","dateModified":"2020-06-25T08:04:35+00:00","breadcrumb":{"@id":"https:\/\/inariz.com\/de\/datenschutzpolitik\/#breadcrumb"},"inLanguage":"de","potentialAction":[{"@type":"ReadAction","target":["https:\/\/inariz.com\/de\/datenschutzpolitik\/"]}]},{"@type":"BreadcrumbList","@id":"https:\/\/inariz.com\/de\/datenschutzpolitik\/#breadcrumb","itemListElement":[{"@type":"ListItem","position":1,"name":"Accueil","item":"https:\/\/inariz.com\/de\/inariz\/"},{"@type":"ListItem","position":2,"name":"Datenschutzpolitik"}]},{"@type":"WebSite","@id":"https:\/\/inariz.com\/de\/#website","url":"https:\/\/inariz.com\/de\/","name":"Inariz","description":"A Marbour Company","potentialAction":[{"@type":"SearchAction","target":{"@type":"EntryPoint","urlTemplate":"https:\/\/inariz.com\/de\/?s={search_term_string}"},"query-input":"required name=search_term_string"}],"inLanguage":"de"}]}},"_links":{"self":[{"href":"https:\/\/inariz.com\/de\/wp-json\/wp\/v2\/pages\/1856"}],"collection":[{"href":"https:\/\/inariz.com\/de\/wp-json\/wp\/v2\/pages"}],"about":[{"href":"https:\/\/inariz.com\/de\/wp-json\/wp\/v2\/types\/page"}],"author":[{"embeddable":true,"href":"https:\/\/inariz.com\/de\/wp-json\/wp\/v2\/users\/1"}],"replies":[{"embeddable":true,"href":"https:\/\/inariz.com\/de\/wp-json\/wp\/v2\/comments?post=1856"}],"version-history":[{"count":6,"href":"https:\/\/inariz.com\/de\/wp-json\/wp\/v2\/pages\/1856\/revisions"}],"predecessor-version":[{"id":2806,"href":"https:\/\/inariz.com\/de\/wp-json\/wp\/v2\/pages\/1856\/revisions\/2806"}],"wp:attachment":[{"href":"https:\/\/inariz.com\/de\/wp-json\/wp\/v2\/media?parent=1856"}],"curies":[{"name":"wp","href":"https:\/\/api.w.org\/{rel}","templated":true}]}}

<div class="fusion-fullwidth fullwidth-box fusion-builder-row-1 nonhundred-percent-fullwidth non-hundred-percent-height-scrolling"  style='background-color: rgba(255,255,255,0);background-position: center center;background-repeat: no-repeat;padding-top:0px;padding-right:0px;padding-bottom:0px;padding-left:0px;'><div class="fusion-builder-row fusion-row "><div  class="fusion-layout-column fusion_builder_column fusion_builder_column_1_1 fusion-builder-column-0 fusion-one-full fusion-column-first fusion-column-last 1_1"  style='margin-top:0px;margin-bottom:20px;'><div class="fusion-column-wrapper" style="padding: 0px 0px 0px 0px;background-position:left top;background-repeat:no-repeat;-webkit-background-size:cover;-moz-background-size:cover;-o-background-size:cover;background-size:cover;"   data-bg-url=""><div class="fusion-text"><h1>Charta zum Schutz persönlicher Daten im Rahmen einer Bewerbung</h1>
<h2>Präambel</h2>
<p>Der private und vertrauliche Charakter personenbezogener Daten ist für die Gruppe Marbour ein wichtiger Aspekt.</p>
<p>Wir halten uns strikt an die EU-Verordnung 2016/679 des Europäischen Parlaments und des Rates vom 27. April 2016 über den Schutz natürlicher Personen im Hinblick auf die Verarbeitung personenbezogener Daten und den freien Datenverkehr (Datenschutzgrundverordnung „DSGVO“).</p>
<p>Diese Charta betrifft die Personen, die sich bei unserer Gruppe und dessen Filialen bewerben möchten.</p>
<p>Sie enthält wichtige Informationen hinsichtlich folgender Themen:</p>
<ul>
<li>Art der personenbezogenen Daten, die wir erheben und aus welchem Grund wir sie erheben,</li>
<li>Rahmen der Erhebung Ihrer personenbezogenen Daten,</li>
<li>Die Übermittlung Ihrer erhobenen personenbezogenen Daten,</li>
<li>Die Dauer der Aufbewahrung dieser Daten sowie die Gewährleistung der Vertraulichkeit,</li>
<li>Ihre Rechte.</li>
</ul>
<p>Diese Charta zum Schutz der Daten von Bewerbern auf ein Stellenangebot der Gruppe Marbour und dessen Filialen. Wir bitten Sie, von dieser Charta Kenntnis zu nehmen.</p>
<h2>Datenschutz und Verarbeitung.</h2>
<p>Sämtliche Anfragen oder Fragen hinsichtlich des Schutzes personenbezogener Daten sind an den Datenschutzbeauftragten der Gruppe zu adressieren: dpo@marbour.fr</p>
<h2>Welche personenbezogenen Daten erheben wir und aus welchem Grund?</h2>
<p>Im Rahmen Ihrer Bewerbung auf ein von der Gruppe oder einer ihrer Filialen veröffentlichtes Stellenangebot erheben wir personenbezogenen Daten.</p>
<p>Wir erhalten diese personenbezogenen Daten mit der Übermittlung Ihres Lebenslaufes, Ihres Bewerbungsschreibens oder unserem Bewerbungsformular, das Sie online oder in Papierform ausfüllen.</p>
<p>Einige Ihrer personenbezogenen Daten erfassen wir ebenfalls im Rahmen eines Bewerbungsgesprächs.</p>
<p>Einige Ihrer personenbezogenen Daten können wir ebenfalls von einer externen Struktur, beispielsweiser einer Personalagentur erhalten, der Sie Ihre Bewerbungsunterlagen haben zukommen lassen.</p>
<p>Die personenbezogenen Daten, die wir im Rahmen des Recrutierungsprozesses erheben werden ausschließlich für das Auswahlverfahren verwendet.</p>
<p>Wenn Sie sich gegen eine Angabe persönlicher Daten entscheiden, die für unser Auswahlverfahren notwendig sind, sollten Sie bedenken, dass wir nicht in der Lage sind Ihre Bewerbung unter diesen Umständen auszuwerten.</p>
<p>Im Rahmen des Auswahlverfahrens kann es vorkommen, dass wir Sie bitten uns berufliche Referenzen oder zusätzliche Informationen zukommen zu lassen.</p>
<p>Wir achten außerdem darauf, dass die Bearbeitung der personenbezogenen Daten, die Sie uns übermitteln, keiner automatisierten Entscheidung unterlieget.</p>
<p>Des Weiteren unterliegt die Übermittlung Ihrer personenbezogener Daten an eine externe Struktur oder eine Organisation, die nicht zu unserer Gruppe gehört, Ihrer ausdrücklichen Zustimmung.</p>
<p>Abschießend informieren wir Sie in dieser Charta darüber, dass Ihre ausdrückliche Zustimmung die Rechtsgrundlage der Bearbeitung Ihrer persönlichen Daten bildet.</p>
<h2>Mehr über die Übermittlung Ihrer persönlichen Daten.</h2>
<p>Im Rahmen des Recruitierungsprozesses, der Auswahl und des Angebots zur Zusammenarbeit, haben Personen, die in einem vertraglichen Verhältnis mit unserem Unternehmen und externen Akteuren stehen, Zugang zu den von Ihnen übermittelten persönlichen Daten.</p>
<p>Diese Personen sind verpflichtet, diese Daten vertraulich zu behandeln.</p>
<p>Wir übermitteln keine persönlichen Daten der Bewerber für eine Stelle außerhalb der Europäischen Union oder zu kommerziellen Zwecken an Dritte.</p>
<h2>Wie lange bewahren wir Ihre persönlichen Daten auf?</h2>
<p>Ihre persönlichen Daten werden nur für die Dauer aufbewahrt, die für den Zweck der Datenerhebung nötig ist.</p>
<p>Sollte Ihre Bewerbung nicht berücksichtige werden können, werden Ihre Persönlichen Daten für eine Dauer von 9 Monaten aufbewahrt.</p>
<p>Nach Ablauf dieser Frist verpflichten wir uns, alle Sie betreffenden persönlichen Daten zu löschen. Im Fall einer erfolgreichen Bewerbung werden Ihre persönlichen Daten aus den Bewerbungsunterlagen über die gesamte Dauer des Beschäftigungsvertrags und 5 Jahre nach der Beendigung des Beschäftigungsverhältnisses aufbewahrt.</p>
<h2>Die Vertraulichkeit Ihrer persönlichen Daten.</h2>
<p>Unsere Politik hinsichtlich der IT-Sicherheit und dem Schutz der persönlichen Daten ermöglicht den Schutz Ihrer von uns erhobenen persönlichen Daten.</p>
<p>Dieser Schutz bezieht die Verschlüsselung und die Pseydonymisierung Ihrer persönlichen Daten ein.</p>
<h2>Ihre individuellen Rechte.</h2>
<p>Nach der EU-Verordnung zum Schutz personenbezogener Daten verfügen Sie über eine Reihe von Rechten, u.a. das Recht auf Zugriff , Berichtigung, Widerspruch, Löschung, Einschränkung der Verarbeitung sowie das Recht auf Datenübertragbarkeit.</p>
<p>Die oben genannten Rechte sind gegenüber dem Unternehmen, an das Sie Ihre Bewerbung adressiert haben, und insbesondere gegenüber der für die Verarbeitung verantwortlichen Person anzuwenden.</p>
<p>Ihr Antrag ist schriftlich, unter Beilage eines Identitätsnachweises, einzureichen.</p>
<p>In bestimmten Fällen und insbesondere im Falle eines offensichtlich unbegründeten Antrags, können diese Anträge abgelehnt werden.</p>
<p>Sie werden über den Absagegrund informiert.</p>
<p>Im Falle der Ausübung eines der oben genannten Rechte stellt der für die Verarbeitung Verantwortliche der Person Informationen über die auf den eingereichten Antrag folgenden Schritte zur Verfügung und in jedem Fall innerhalb einer Frist von einem Monat ab Erhalt des Antrags.</p>
<p>Diese Frist kann, in Anbetracht der Komplexität oder der Anzahl der Anträge, um zwei Monate verlängert werden.</p>
<p>Der für die Verarbeitung Verantwortliche informiert die Person über diese mögliche Fristverlängerung und die Gründe für diese Verlängerung innerhalb eines Monats ab Erhalt des Antrags. Falls notwendig, kann dieser Zeitraum auf zwei Monate verlängert werden.</p>
<p>November 2018<br />Personalabteilung</p>
<p>
</div><div class="fusion-clearfix"></div></div></div></div></div>

<!-- This site is optimized with the Yoast SEO plugin v23.1 - https://yoast.com/wordpress/plugins/seo/ -->
<title>Datenschutzpolitik - Inariz</title>
<meta name="robots" content="index, follow, max-snippet:-1, max-image-preview:large, max-video-preview:-1" />
<link rel="canonical" href="https://inariz.com/de/datenschutzpolitik/" />
<meta property="og:locale" content="de_DE" />
<meta property="og:type" content="article" />
<meta property="og:title" content="Datenschutzpolitik - Inariz" />
<meta property="og:url" content="https://inariz.com/de/datenschutzpolitik/" />
<meta property="og:site_name" content="Inariz" />
<meta property="article:modified_time" content="2020-06-25T08:04:35+00:00" />
<meta name="twitter:card" content="summary_large_image" />
<meta name="twitter:label1" content="Geschätzte Lesezeit" />
	<meta name="twitter:data1" content="5 Minuten" />
<script type="application/ld+json" class="yoast-schema-graph">{"@context":"https://schema.org","@graph":[{"@type":"WebPage","@id":"https://inariz.com/de/datenschutzpolitik/","url":"https://inariz.com/de/datenschutzpolitik/","name":"Datenschutzpolitik - Inariz","isPartOf":{"@id":"https://inariz.com/de/#website"},"datePublished":"2020-04-01T12:25:35+00:00","dateModified":"2020-06-25T08:04:35+00:00","breadcrumb":{"@id":"https://inariz.com/de/datenschutzpolitik/#breadcrumb"},"inLanguage":"de","potentialAction":[{"@type":"ReadAction","target":["https://inariz.com/de/datenschutzpolitik/"]}]},{"@type":"BreadcrumbList","@id":"https://inariz.com/de/datenschutzpolitik/#breadcrumb","itemListElement":[{"@type":"ListItem","position":1,"name":"Accueil","item":"https://inariz.com/de/inariz/"},{"@type":"ListItem","position":2,"name":"Datenschutzpolitik"}]},{"@type":"WebSite","@id":"https://inariz.com/de/#website","url":"https://inariz.com/de/","name":"Inariz","description":"A Marbour Company","potentialAction":[{"@type":"SearchAction","target":{"@type":"EntryPoint","urlTemplate":"https://inariz.com/de/?s={search_term_string}"},"query-input":"required name=search_term_string"}],"inLanguage":"de"}]}</script>
<!-- / Yoast SEO plugin. -->
